the remainder when 4*(2/(-4))/(11/f) is divided by 39.
37
Suppose n = 1 + 8. Let h = 34 - n. Calculate the remainder when 70 is divided by h.
20
Let s = 262 - 239. What is the remainder when s is divided by 5?
3
Suppose 5*g - 3*b + 19 = g, -2*b + 9 = g. Calculate the remainder when g + 3 + -4 - -40 is divided by 10.
8
Suppose -s + 4*j + 18 = 0, 0 = -3*s + 15*j - 17*j + 110. What is the remainder when 144 is divided by s?
8
Let x(s) = -s**2 + 9. Let g be x(3). Suppose g = f - 6*f + 60. What is the remainder when 17 is divided by f?
5
Suppose 13*l = -5*l + 270. What is the remainder when 55 is divided by l?
10
Let k be (-2)/6 - (-244)/3. Suppose 27 = q - 5*t, -7*q + 4*q = -t - k. What is the remainder when q is divided by 8?
3
Let n(s) = 2*s**2 - 18*s - 7. Let h(l) be the third derivative of l**6/120 + l**5/10 + l**4/4 - 3*l**2. Calculate the remainder when n(10) is divided by h(-4).
5
Suppose 85 = -5*x + 7*x + 5*q, x = -q + 35. Calculate the remainder when 112 is divided by x.
22
Let k(x) = 22*x**2 - x - 4. Let n be k(-2). Let l = 124 - n. Suppose 80 = -6*b + 10*b. Calculate the remainder when l is divided by b.
18
Suppose -84 = 4*b - 364. Let y = b - 40. Calculate the remainder when 56 is divided by y.
26
What is the remainder when -7*(0 - (-1589)/(-3 - 4)) is divided by 10?
9
Let w = 167 - 128. What is the remainder when w is divided by 14?
11
Let d(y) = -5*y**2 - y + 2. Let k be d(1). Calculate the remainder when 50 is divided by k/3*(-6)/(-4) - -16.
8
Suppose 6*g = 10*g. Let p be g - -60 - 4/4. Suppose 5*m + 2*n - p = 62, -6 = 3*n. Calculate the remainder when m is divided by 7.
4
Let s = 628 - 511. Calculate the remainder when 1284 is divided by s.
114
Let t(h) = 2*h**2 + 92*h + 39. What is the remainder when t(-46) is divided by 30?
9
Let c = 31 - 26. Suppose c*j - 114 + 9 = 0. What is the remainder when 81 is divided by j?
18
Let s(g) = -6*g - 235. Calculate the remainder when 50 is divided by s(-41).
6
Calculate the remainder when 68 is divided by ((-2)/4)/(-7 + 278/40).
8
Suppose 7*i + 673 - 2262 = 0. Calculate the remainder when i is divided by 693/12 - 3/24*-2.
53
Suppose 104 + 30 = 2*m. Calculate the remainder when m is divided by 7.
4
Calculate the remainder when (6478/(-820))/((-2)/20) is divided by -1*54/(-2) - 0.
25
Let h = 289 - 199. Let l = -40 + h. Suppose -5*i + l + 11 = -3*o, -5*i - 2*o + 51 = 0. What is the remainder when 42 is divided by i?
9
Suppose -2*p - 10 + 32 = 0. Calculate the remainder when 1312/64 + 6/(-4) is divided by p.
8
Suppose -s + 4*u = 3 + 5, 0 = -2*s + 4*u - 20. Let c be (72/s)/((-2)/1). Calculate the remainder when 101 is divided by c - (3 - -20)*-1.
23
Suppose 0 = 3*n + o - 0*o - 1532, -5*o = -5*n + 2540. Suppose 0 = -w - 3*v + 108, 5*w - n = -v + 30. What is the remainder when w is divided by 22?
20
Calculate the remainder when 467 is divided by 20*10/4 + 98 + -101.
44
Let d(b) be the third derivative of -b**4/24 + 13*b**3/6 - 2*b**2. Calculate the remainder when d(-15) is divided by 16.
12
Let m = -870 - -1025. Calculate the remainder when m is divided by 95.
60
Let t = -18 + 29. Suppose p - 47 + t = 0. Let j = 37 + -24. What is the remainder when p is divided by j?
10
Suppose -4*j = -190 - 54. Calculate the remainder when 302 is divided by j.
58
Let h = 514 + -507. What is the remainder when 256 is divided by h?
4
Suppose 5*h = 2*z + 208, -h + 34 = -5*z - 3. Let k = 743 + -726. What is the remainder when h is divided by k?
8
Suppose -8*z - 358 + 750 = 0. Calculate the remainder when 239 is divided by z.
43
Let i be 36 + -1 - (-1 - 0/(-4)). Suppose -7*v = -9*v + i. What is the remainder when v is divided by 10?
8
Suppose 4*j = 2*d + 2*d + 12, 0 = -5*j - d + 21. Let a(x) = -57*x + x**3 + 9 - 14*x**2 + 32*x + 25*x. What is the remainder when a(14) is divided by j?
1
Let v = 156 + -125. Calculate the remainder when 307 is divided by v.
28
Let h = 9499 + -9416. Let j = 26 + 2. Calculate the remainder when h is divided by j.
27
Suppose -5*w + 4*y + 121 = 0, w - 9 = -y + 8. Suppose -1 = -u + w. What is the remainder when 42 is divided by u?
20
Suppose -5*c = 126 - 36. Let j = 25 + c. Calculate the remainder when 33 is divided by j.
5
What is the remainder when 66 is divided by (-32)/(-6)*(9 - (-27)/(-6))?
18
Let b = 468 - 451. Calculate the remainder when 28 is divided by b.
11
Calculate the remainder when 2260/(6 - -4) + 0 is divided by 84.
58
Let i(m) = 2*m**3 - 61*m**2 + 32*m + 64. What is the remainder when 617 is divided by i(30)?
121
Let g = -44 - -99. Suppose 0 = -12*z + 187 - g. Let m(u) = 20*u**2 + u - 1. Calculate the remainder when m(1) is divided by z.
9
Let y(q) = 4*q**3 + q**2 + q - 1. Let b be y(1). Suppose -b = l - 4, -3*p + 59 = -5*l. Let h = 61 - 26. Calculate the remainder when h is divided by p.
17
Suppose -3*a + 2*y = -248 + 48, 16 = -4*y. What is the remainder when a is divided by 13?
12
Suppose 4*d - 9 = -3*t, 3*d + 6 = 4*d - 3*t. Suppose -d*g = -5*l + 755, 0 = 4*g - 3*g. Calculate the remainder when l is divided by 17.
15
Suppose 0 = -5*u - y + 20, -5*u + 2*y + 20 = -0*u. Calculate the remainder when 24 is divided by u.
0
Let s(f) = -f**3 + 16*f**2 + 21*f - 18. Calculate the remainder when 97 is divided by s(17).
47
Let d(z) = 4*z + 1. Let o be d(-7). Let b = -15 - o. Calculate the remainder when b/2*27/6 is divided by 6.
3
Suppose 4*g - 16 = -3*q - 50, -8 = 2*g. What is the remainder when q + 32/5 + (-636)/(-10) is divided by 13?
12
Let i = 90 + 11. Suppose 5*s + 124 = 2*p, p - 2*s = -4*p + 268. What is the remainder when i is divided by p?
49
Let k(h) = h**3 - 9*h**2 - 4*h + 36. Let s be k(9). Suppose s = -2*o - 3 + 19. What is the remainder when 22 is divided by o?
6
Suppose 5*n + 393 = 4*i, -5*i - 5*n = -8*n - 475. Calculate the remainder when i is divided by 25.
17
Suppose 3*i + 2*i - k - 20 = 0, 3*i + 1 = -2*k. Suppose -3*m = i*c - 8*m - 95, m = -c + 29. Calculate the remainder when 177 is divided by c.
27
Suppose -4*x + 0*z + 5*z = -91, -2*x - z = -49. Calculate the remainder when 47 is divided by x.
23
Suppose 0 = x - 3*h - 37, -2 + 43 = x - 4*h. Let w = -37 - -68. Suppose l + 5*b + 8 = 0, -4*l - 4*b + w = -5*b. What is the remainder when x is divided by l?
4
Suppose -22 = -26*y + 940. What is the remainder when 295 is divided by y?
36
Let m = -8 + 14. Suppose -1 = 4*c - 21. Suppose -x + f - c*f = -36, -3*f = -5*x + 88. Calculate the remainder when x is divided by m.
2
Let y(w) = w**2 + 2*w - 4. Suppose 14*n - 14 = 42. Suppose 144 = n*v - 4*m, 3*v - 4*m - 153 = -50. Calculate the remainder when v is divided by y(3).
8
Suppose 4*x = -5*i + 174, -5*x - 5*i + 102 = -113. Calculate the remainder when x is divided by -1 - (1 + -12 - 1).
8
Let y = -14 - -45. Suppose -97 = -4*m + y. Suppose -4*w - 24 = -m. Calculate the remainder when 3 is divided by w.
1
Let m(n) = n**3 - 4*n**2 - 7*n + 3. Let f be m(5). Suppose -47 = -5*v + 88. Calculate the remainder when v is divided by -2 + 1 - (112 + 0)/f.
12
Suppose 0 = 5*h - k - 1167, 174*k - 172*k - 695 = -3*h. What is the remainder when h is divided by 81?
71
Let z(h) = h**3 + 6*h**2 - 18*h - 1. What is the remainder when z(-8) is divided by 4?
3
Suppose 56 = 3*h - 553. Calculate the remainder when h is divided by 14.
7
Let t = -143 - -175. Calculate the remainder when t is divided by 25.
7
Let k be (-1 + -4 + 3)*(-6)/4. Let l(j) = -3*j**3 + 3*j**2 - j - 4. Let a be l(-3). Suppose 0 = k*p - a - 61. Calculate the remainder when p is divided by 19.
18
Let n(u) = -u**3 - 8*u**2 - 2*u + 5. Suppose -5*g - 11 - 29 = 0. What is the remainder when n(g) is divided by 7 + 12/18*6?
10
Let l = -37 + 38. What is the remainder when 135 is divided by (6 - 33/6)/(l/46)?
20
Let t = -32 + 75. Calculate the remainder when 83 is divided by t.
40
Let c(d) = d**2 - 7*d + 6. Let y be c(6). Suppose 6*b - 90 = -y*b. What is the remainder when 57 is divided by b?
12
Let k = 628 + -610. Calculate the remainder when 33 is divided by k.
15
Let l(z) = z**3 + 6*z**2 + z - 2. Suppose 0 = 2*f + 2*k + 90, 3*k - 10 = -2*k. Let w = -14 - f. What is the remainder when w is divided by l(-5)?
15
Let a(s) = -2*s + 72. What is the remainder when 246 is divided by a(11)?
46
Suppose 7*z - 12*z + 10 = 0. Suppose -3*v + 5*n + 151 = 0, 2*v = -z*n + n + 92. Calculate the remainde